{"id":24,"date":"2025-10-07T16:33:20","date_gmt":"2025-10-07T19:33:20","guid":{"rendered":"https:\/\/midiaciencia.com\/novo\/?page_id=24"},"modified":"2025-11-05T13:57:28","modified_gmt":"2025-11-05T16:57:28","slug":"detetive-capivara","status":"publish","type":"page","link":"https:\/\/midiaciencia.com\/novo\/detetive-capivara\/","title":{"rendered":"Detetive capivara"},"content":{"rendered":"\t\t<div data-elementor-type=\"wp-post\" data-elementor-id=\"24\" class=\"elementor elementor-24\" data-elementor-post-type=\"page\">\n\t\t\t\t<div class=\"elementor-element elementor-element-5c724ac5 e-con-full e-flex wpr-particle-no wpr-jarallax-no wpr-parallax-no wpr-sticky-section-no e-con e-parent\" data-id=\"5c724ac5\" data-element_type=\"container\" data-settings=\"{&quot;background_background&quot;:&quot;classic&quot;}\">\n\t\t<div class=\"elementor-element elementor-element-604d6959 e-con-full e-flex wpr-particle-no wpr-jarallax-no wpr-parallax-no wpr-sticky-section-no e-con e-child\" data-id=\"604d6959\" data-element_type=\"container\">\n\t\t\t\t<div class=\"elementor-element elementor-element-667061ae elementor-widget__width-inherit elementor-widget-divider--view-line elementor-invisible elementor-widget elementor-widget-divider\" data-id=\"667061ae\" data-element_type=\"widget\" data-settings=\"{&quot;_animation&quot;:&quot;fadeInLeft&quot;}\" data-widget_type=\"divider.default\">\n\t\t\t\t\t\t\t<div class=\"elementor-divider\">\n\t\t\t<span class=\"elementor-divider-separator\">\n\t\t\t\t\t\t<\/span>\n\t\t<\/div>\n\t\t\t\t\t\t<\/div>\n\t\t\t\t<div class=\"elementor-element elementor-element-634ccbcb elementor-widget__width-initial elementor-widget-tablet__width-inherit elementor-widget elementor-widget-heading\" data-id=\"634ccbcb\" data-element_type=\"widget\" data-widget_type=\"heading.default\">\n\t\t\t\t\t<h2 class=\"elementor-heading-title elementor-size-default\">Detetive Capivara: ci\u00eancia, mist\u00e9rio e humor em uma s\u00f3 hist\u00f3ria<\/h2>\t\t\t\t<\/div>\n\t\t\t\t<div class=\"elementor-element elementor-element-769f21bf elementor-widget__width-initial elementor-widget-tablet__width-inherit elementor-widget elementor-widget-text-editor\" data-id=\"769f21bf\" data-element_type=\"widget\" data-widget_type=\"text-editor.default\">\n\t\t\t\t\t\t\t\t\t<p class=\"p1\">Entre no universo da <span class=\"s1\"><b>Detetive Jurema<\/b><\/span>, uma investigadora nada convencional que mistura fic\u00e7\u00e3o, com\u00e9dia e ci\u00eancia para desvendar um crime misterioso \u2014 e, no caminho, revelar como o conhecimento cient\u00edfico pode estar mais perto da nossa realidade do que imaginamos.<\/p>\t\t\t\t\t\t\t\t<\/div>\n\t\t\t\t<\/div>\n\t\t\t\t<div class=\"elementor-element elementor-element-da7b5a0 elementor-widget__width-inherit elementor-invisible elementor-widget elementor-widget-image\" data-id=\"da7b5a0\" data-element_type=\"widget\" data-settings=\"{&quot;_animation&quot;:&quot;fadeInUp&quot;}\" data-widget_type=\"image.default\">\n\t\t\t\t\t\t\t\t\t\t\t\t\t\t\t<img fetchpriority=\"high\" decoding=\"async\" width=\"728\" height=\"477\" src=\"https:\/\/midiaciencia.com\/novo\/wp-content\/uploads\/2025\/10\/Captura-de-Tela-2025-10-31-as-10.12.20.png\" class=\"attachment-full size-full wp-image-303\" alt=\"\" srcset=\"https:\/\/midiaciencia.com\/novo\/wp-content\/uploads\/2025\/10\/Captura-de-Tela-2025-10-31-as-10.12.20.png 728w, https:\/\/midiaciencia.com\/novo\/wp-content\/uploads\/2025\/10\/Captura-de-Tela-2025-10-31-as-10.12.20-300x197.png 300w\" sizes=\"(max-width: 728px) 100vw, 728px\" \/>\t\t\t\t\t\t\t\t\t\t\t\t\t\t\t<\/div>\n\t\t\t\t<\/div>\n\t\t<div class=\"elementor-element elementor-element-2c6252a3 e-con-full e-flex wpr-particle-no wpr-jarallax-no wpr-parallax-no wpr-sticky-section-no e-con e-parent\" data-id=\"2c6252a3\" data-element_type=\"container\" data-settings=\"{&quot;background_background&quot;:&quot;classic&quot;}\">\n\t\t\t\t<div class=\"elementor-element elementor-element-35f00fd4 elementor-widget__width-initial elementor-widget elementor-widget-image\" data-id=\"35f00fd4\" data-element_type=\"widget\" data-widget_type=\"image.default\">\n\t\t\t\t\t\t\t\t\t\t\t\t\t\t\t<img decoding=\"async\" width=\"730\" height=\"481\" src=\"https:\/\/midiaciencia.com\/novo\/wp-content\/uploads\/2025\/10\/Captura-de-Tela-2025-10-31-as-10.11.01.png\" class=\"attachment-large size-large wp-image-302\" alt=\"\" srcset=\"https:\/\/midiaciencia.com\/novo\/wp-content\/uploads\/2025\/10\/Captura-de-Tela-2025-10-31-as-10.11.01.png 730w, https:\/\/midiaciencia.com\/novo\/wp-content\/uploads\/2025\/10\/Captura-de-Tela-2025-10-31-as-10.11.01-300x198.png 300w\" sizes=\"(max-width: 730px) 100vw, 730px\" \/>\t\t\t\t\t\t\t\t\t\t\t\t\t\t\t<\/div>\n\t\t<div class=\"elementor-element elementor-element-546e55c0 e-con-full e-flex wpr-particle-no wpr-jarallax-no wpr-parallax-no wpr-sticky-section-no e-con e-child\" data-id=\"546e55c0\" data-element_type=\"container\">\n\t\t\t\t<div class=\"elementor-element elementor-element-2cd3364b elementor-widget__width-inherit elementor-widget elementor-widget-heading\" data-id=\"2cd3364b\" data-element_type=\"widget\" data-widget_type=\"heading.default\">\n\t\t\t\t\t<p class=\"elementor-heading-title elementor-size-default\">Mais conte\u00fado, mais alcance<\/p>\t\t\t\t<\/div>\n\t\t\t\t<div class=\"elementor-element elementor-element-4c7e6f5d elementor-widget__width-inherit elementor-widget elementor-widget-heading\" data-id=\"4c7e6f5d\" data-element_type=\"widget\" data-widget_type=\"heading.default\">\n\t\t\t\t\t<h2 class=\"elementor-heading-title elementor-size-default\">Uma narrativa multim\u00eddia e interativa<\/h2>\t\t\t\t<\/div>\n\t\t\t\t<div class=\"elementor-element elementor-element-719b6cee elementor-widget__width-initial elementor-widget-mobile__width-inherit elementor-invisible elementor-widget elementor-widget-icon-box\" data-id=\"719b6cee\" data-element_type=\"widget\" data-settings=\"{&quot;_animation&quot;:&quot;fadeInUp&quot;}\" data-widget_type=\"icon-box.default\">\n\t\t\t\t\t\t\t<div class=\"elementor-icon-box-wrapper\">\n\n\t\t\t\n\t\t\t\t\t\t<div class=\"elementor-icon-box-content\">\n\n\t\t\t\t\t\t\t\t\t<h3 class=\"elementor-icon-box-title\">\n\t\t\t\t\t\t<span  >\n\t\t\t\t\t\t\tS\u00e9rie Multim\u00eddia\t\t\t\t\t\t<\/span>\n\t\t\t\t\t<\/h3>\n\t\t\t\t\n\t\t\t\t\t\t\t\t\t<p class=\"elementor-icon-box-description\">\n\t\t\t\t\t\tO projeto \u201cDetetive Capivara\u201d \u00e9 uma s\u00e9rie multim\u00eddia de divulga\u00e7\u00e3o cient\u00edfica que combina fic\u00e7\u00e3o, humor e investiga\u00e7\u00e3o.\t\t\t\t\t<\/p>\n\t\t\t\t\n\t\t\t<\/div>\n\t\t\t\n\t\t<\/div>\n\t\t\t\t\t\t<\/div>\n\t\t\t\t<div class=\"elementor-element elementor-element-7c3cbd3 elementor-widget__width-initial elementor-widget-mobile__width-inherit elementor-invisible elementor-widget elementor-widget-icon-box\" data-id=\"7c3cbd3\" data-element_type=\"widget\" data-settings=\"{&quot;_animation&quot;:&quot;fadeInUp&quot;,&quot;_animation_delay&quot;:&quot;100&quot;}\" data-widget_type=\"icon-box.default\">\n\t\t\t\t\t\t\t<div class=\"elementor-icon-box-wrapper\">\n\n\t\t\t\n\t\t\t\t\t\t<div class=\"elementor-icon-box-content\">\n\n\t\t\t\t\t\t\t\t\t<h3 class=\"elementor-icon-box-title\">\n\t\t\t\t\t\t<span  >\n\t\t\t\t\t\t\tUma trava envolvente\t\t\t\t\t\t<\/span>\n\t\t\t\t\t<\/h3>\n\t\t\t\t\n\t\t\t\t\t\t\t\t\t<p class=\"elementor-icon-box-description\">\n\t\t\t\t\t\tA trama acompanha Jurema, uma detetive do mundo animal, na investiga\u00e7\u00e3o do assassinato da famosa capivara Vera.\t\t\t\t\t<\/p>\n\t\t\t\t\n\t\t\t<\/div>\n\t\t\t\n\t\t<\/div>\n\t\t\t\t\t\t<\/div>\n\t\t\t\t<div class=\"elementor-element elementor-element-13248bc3 elementor-widget__width-initial elementor-widget-mobile__width-inherit elementor-invisible elementor-widget elementor-widget-icon-box\" data-id=\"13248bc3\" data-element_type=\"widget\" data-settings=\"{&quot;_animation&quot;:&quot;fadeInUp&quot;,&quot;_animation_delay&quot;:&quot;200&quot;}\" data-widget_type=\"icon-box.default\">\n\t\t\t\t\t\t\t<div class=\"elementor-icon-box-wrapper\">\n\n\t\t\t\n\t\t\t\t\t\t<div class=\"elementor-icon-box-content\">\n\n\t\t\t\t\t\t\t\t\t<h3 class=\"elementor-icon-box-title\">\n\t\t\t\t\t\t<span  >\n\t\t\t\t\t\t\tLinguagem leve\t\t\t\t\t\t<\/span>\n\t\t\t\t\t<\/h3>\n\t\t\t\t\n\t\t\t\t\t\t\t\t\t<p class=\"elementor-icon-box-description\">\n\t\t\t\t\t\tCom linguagem leve e criativa, o p\u00fablico \u00e9 convidado a acompanhar a hist\u00f3ria e aprender ci\u00eancia de forma divertida.\t\t\t\t\t<\/p>\n\t\t\t\t\n\t\t\t<\/div>\n\t\t\t\n\t\t<\/div>\n\t\t\t\t\t\t<\/div>\n\t\t\t\t<div class=\"elementor-element elementor-element-2812ab03 elementor-widget__width-initial elementor-widget-mobile__width-inherit elementor-invisible elementor-widget elementor-widget-icon-box\" data-id=\"2812ab03\" data-element_type=\"widget\" data-settings=\"{&quot;_animation&quot;:&quot;fadeInUp&quot;,&quot;_animation_delay&quot;:&quot;300&quot;}\" data-widget_type=\"icon-box.default\">\n\t\t\t\t\t\t\t<div class=\"elementor-icon-box-wrapper\">\n\n\t\t\t\n\t\t\t\t\t\t<div class=\"elementor-icon-box-content\">\n\n\t\t\t\t\t\t\t\t\t<h3 class=\"elementor-icon-box-title\">\n\t\t\t\t\t\t<span  >\n\t\t\t\t\t\t\tConceitos cient\u00edficos\t\t\t\t\t\t<\/span>\n\t\t\t\t\t<\/h3>\n\t\t\t\t\n\t\t\t\t\t\t\t\t\t<p class=\"elementor-icon-box-description\">\n\t\t\t\t\t\tA narrativa utiliza conceitos cient\u00edficos reais, como a entomologia forense \u2014 o uso de insetos para investigar crimes.\t\t\t\t\t<\/p>\n\t\t\t\t\n\t\t\t<\/div>\n\t\t\t\n\t\t<\/div>\n\t\t\t\t\t\t<\/div>\n\t\t\t\t<\/div>\n\t\t\t\t<\/div>\n\t\t<div class=\"elementor-element elementor-element-4929155d e-con-full e-flex wpr-particle-no wpr-jarallax-no wpr-parallax-no wpr-sticky-section-no e-con e-parent\" data-id=\"4929155d\" data-element_type=\"container\" data-settings=\"{&quot;background_background&quot;:&quot;classic&quot;}\">\n\t\t<div class=\"elementor-element elementor-element-14f5150f e-con-full e-flex wpr-particle-no wpr-jarallax-no wpr-parallax-no wpr-sticky-section-no e-con e-child\" data-id=\"14f5150f\" data-element_type=\"container\">\n\t\t\t\t<div class=\"elementor-element elementor-element-196ec405 elementor-widget elementor-widget-heading\" data-id=\"196ec405\" data-element_type=\"widget\" data-widget_type=\"heading.default\">\n\t\t\t\t\t<h2 class=\"elementor-heading-title elementor-size-default\"> Cultura local e linguagem acess\u00edvel<\/h2>\t\t\t\t<\/div>\n\t\t\t\t<div class=\"elementor-element elementor-element-5757bfe3 elementor-widget elementor-widget-text-editor\" data-id=\"5757bfe3\" data-element_type=\"widget\" data-widget_type=\"text-editor.default\">\n\t\t\t\t\t\t\t\t\t<p class=\"p1\">O <span class=\"s1\"><b>Projeto Detetive Capivara<\/b><\/span> \u00e9 uma iniciativa inovadora de <span class=\"s1\"><b>divulga\u00e7\u00e3o cient\u00edfica<\/b><\/span> que une <span class=\"s1\"><b>fic\u00e7\u00e3o, humor e investiga\u00e7\u00e3o<\/b><\/span> para despertar o interesse do p\u00fablico pela ci\u00eancia de forma leve, l\u00fadica e acess\u00edvel. A proposta nasceu com o objetivo de explorar novas linguagens e formatos de comunica\u00e7\u00e3o cient\u00edfica, aproximando temas complexos do cotidiano das pessoas e valorizando o conhecimento produzido em Mato Grosso do Sul.<\/p><p class=\"p1\">A narrativa gira em torno da <span class=\"s1\"><b>detetive Jurema<\/b><\/span>, uma personagem do universo animal conhecida por sua curiosidade e perspic\u00e1cia, que se v\u00ea diante de um caso misterioso: o assassinato de <span class=\"s1\"><b>Vera, uma capivara carism\u00e1tica e influente<\/b><\/span>. A partir dessa premissa, o p\u00fablico \u00e9 convidado a mergulhar em uma trama envolvente, repleta de personagens marcantes da fauna sul-mato-grossense, como <span class=\"s1\"><b>Giovani Dente Forte<\/b><\/span>, o jacar\u00e9 ex-companheiro de Vera; <span class=\"s1\"><b>Lara<\/b><\/span>, uma arara competitiva e intrigante; e <span class=\"s1\"><b>Rui<\/b><\/span>, um tuiui\u00fa bi\u00f3logo que se torna parceiro de Jurema nas investiga\u00e7\u00f5es.<\/p><p class=\"p1\">Durante o desenrolar da hist\u00f3ria, a investiga\u00e7\u00e3o se transforma em uma ferramenta educativa. Elementos da <span class=\"s1\"><b>entomologia forense<\/b><\/span> \u2014 \u00e1rea da biologia que utiliza insetos para desvendar crimes \u2014 s\u00e3o apresentados de forma criativa e compreens\u00edvel, permitindo que o p\u00fablico aprenda conceitos cient\u00edficos enquanto acompanha o mist\u00e9rio. A mistura de <span class=\"s1\"><b>realismo cient\u00edfico e imagina\u00e7\u00e3o narrativa<\/b><\/span> torna o conte\u00fado envolvente, did\u00e1tico e divertido.<\/p>\t\t\t\t\t\t\t\t<\/div>\n\t\t\t\t<\/div>\n\t\t\t\t<div class=\"elementor-element elementor-element-8b32f6e elementor-widget__width-initial elementor-widget-tablet__width-inherit elementor-widget elementor-widget-image\" data-id=\"8b32f6e\" data-element_type=\"widget\" data-widget_type=\"image.default\">\n\t\t\t\t\t\t\t\t\t\t\t\t\t\t\t<img decoding=\"async\" width=\"728\" height=\"477\" src=\"https:\/\/midiaciencia.com\/novo\/wp-content\/uploads\/2025\/10\/Captura-de-Tela-2025-10-31-as-10.12.20.png\" class=\"attachment-large size-large wp-image-303\" alt=\"\" srcset=\"https:\/\/midiaciencia.com\/novo\/wp-content\/uploads\/2025\/10\/Captura-de-Tela-2025-10-31-as-10.12.20.png 728w, https:\/\/midiaciencia.com\/novo\/wp-content\/uploads\/2025\/10\/Captura-de-Tela-2025-10-31-as-10.12.20-300x197.png 300w\" sizes=\"(max-width: 728px) 100vw, 728px\" \/>\t\t\t\t\t\t\t\t\t\t\t\t\t\t\t<\/div>\n\t\t\t\t<\/div>\n\t\t\t\t<\/div>\n\t\t","protected":false},"excerpt":{"rendered":"<p>Detetive Capivara: ci\u00eancia, mist\u00e9rio e humor em uma s\u00f3 hist\u00f3ria Entre no universo da Detetive Jurema, uma investigadora nada convencional que mistura fic\u00e7\u00e3o, com\u00e9dia e ci\u00eancia para desvendar um crime misterioso \u2014 e, no caminho, revelar como o conhecimento cient\u00edfico pode estar mais perto da nossa realidade do que imaginamos. Mais conte\u00fado, mais alcance Uma narrativa multim\u00eddia e interativa S\u00e9rie Multim\u00eddia O projeto \u201cDetetive Capivara\u201d \u00e9 uma s\u00e9rie multim\u00eddia de divulga\u00e7\u00e3o cient\u00edfica que combina fic\u00e7\u00e3o, humor e investiga\u00e7\u00e3o. Uma trava envolvente A trama acompanha Jurema, uma detetive do mundo animal, na investiga\u00e7\u00e3o do assassinato da famosa capivara Vera. Linguagem leve Com linguagem leve e criativa, o p\u00fablico \u00e9 convidado a acompanhar a hist\u00f3ria e aprender ci\u00eancia de forma divertida. Conceitos cient\u00edficos A narrativa utiliza conceitos cient\u00edficos reais, como a entomologia forense \u2014 o uso de insetos para investigar crimes. Cultura local e linguagem acess\u00edvel O Projeto Detetive Capivara \u00e9 uma iniciativa inovadora de divulga\u00e7\u00e3o cient\u00edfica que une fic\u00e7\u00e3o, humor e investiga\u00e7\u00e3o para despertar o interesse do p\u00fablico pela ci\u00eancia de forma leve, l\u00fadica e acess\u00edvel. A proposta nasceu com o objetivo de explorar novas linguagens e formatos de comunica\u00e7\u00e3o cient\u00edfica, aproximando temas complexos do cotidiano das pessoas e valorizando o conhecimento produzido em Mato Grosso do Sul. A narrativa gira em torno da detetive Jurema, uma personagem do universo animal conhecida por sua curiosidade e perspic\u00e1cia, que se v\u00ea diante de um caso misterioso: o assassinato de Vera, uma capivara carism\u00e1tica e influente. A partir dessa premissa, o p\u00fablico \u00e9 convidado a mergulhar em uma trama envolvente, repleta de personagens marcantes da fauna sul-mato-grossense, como Giovani Dente Forte, o jacar\u00e9 ex-companheiro de Vera; Lara, uma arara competitiva e intrigante; e Rui, um tuiui\u00fa bi\u00f3logo que se torna parceiro de Jurema nas investiga\u00e7\u00f5es. Durante o desenrolar da hist\u00f3ria, a investiga\u00e7\u00e3o se transforma em uma ferramenta educativa. Elementos da entomologia forense \u2014 \u00e1rea da biologia que utiliza insetos para desvendar crimes \u2014 s\u00e3o apresentados de forma criativa e compreens\u00edvel, permitindo que o p\u00fablico aprenda conceitos cient\u00edficos enquanto acompanha o mist\u00e9rio. A mistura de realismo cient\u00edfico e imagina\u00e7\u00e3o narrativa torna o conte\u00fado envolvente, did\u00e1tico e divertido.<\/p>\n","protected":false},"author":1,"featured_media":0,"parent":0,"menu_order":0,"comment_status":"closed","ping_status":"closed","template":"","meta":{"_eb_attr":"","footnotes":""},"categories":[],"tags":[],"class_list":["post-24","page","type-page","status-publish","hentry"],"_links":{"self":[{"href":"https:\/\/midiaciencia.com\/novo\/wp-json\/wp\/v2\/pages\/24","targetHints":{"allow":["GET"]}}],"collection":[{"href":"https:\/\/midiaciencia.com\/novo\/wp-json\/wp\/v2\/pages"}],"about":[{"href":"https:\/\/midiaciencia.com\/novo\/wp-json\/wp\/v2\/types\/page"}],"author":[{"embeddable":true,"href":"https:\/\/midiaciencia.com\/novo\/wp-json\/wp\/v2\/users\/1"}],"replies":[{"embeddable":true,"href":"https:\/\/midiaciencia.com\/novo\/wp-json\/wp\/v2\/comments?post=24"}],"version-history":[{"count":10,"href":"https:\/\/midiaciencia.com\/novo\/wp-json\/wp\/v2\/pages\/24\/revisions"}],"predecessor-version":[{"id":336,"href":"https:\/\/midiaciencia.com\/novo\/wp-json\/wp\/v2\/pages\/24\/revisions\/336"}],"wp:attachment":[{"href":"https:\/\/midiaciencia.com\/novo\/wp-json\/wp\/v2\/media?parent=24"}],"wp:term":[{"taxonomy":"category","embeddable":true,"href":"https:\/\/midiaciencia.com\/novo\/wp-json\/wp\/v2\/categories?post=24"},{"taxonomy":"post_tag","embeddable":true,"href":"https:\/\/midiaciencia.com\/novo\/wp-json\/wp\/v2\/tags?post=24"}],"curies":[{"name":"wp","href":"https:\/\/api.w.org\/{rel}","templated":true}]}}