{"id":356,"date":"2025-11-06T06:58:54","date_gmt":"2025-11-06T09:58:54","guid":{"rendered":"https:\/\/midiaciencia.com\/novo\/?page_id=356"},"modified":"2025-11-06T07:00:36","modified_gmt":"2025-11-06T10:00:36","slug":"premio-jornalismo","status":"publish","type":"page","link":"https:\/\/midiaciencia.com\/novo\/premio-jornalismo\/","title":{"rendered":"Pr\u00eamio Jornalismo"},"content":{"rendered":"\t\t<div data-elementor-type=\"wp-post\" data-elementor-id=\"356\" class=\"elementor elementor-356\" data-elementor-post-type=\"page\">\n\t\t\t\t<div class=\"elementor-element elementor-element-4929155d e-con-full e-flex wpr-particle-no wpr-jarallax-no wpr-parallax-no wpr-sticky-section-no e-con e-parent\" data-id=\"4929155d\" data-element_type=\"container\" data-settings=\"{&quot;background_background&quot;:&quot;classic&quot;}\">\n\t\t<div class=\"elementor-element elementor-element-14f5150f e-con-full e-flex wpr-particle-no wpr-jarallax-no wpr-parallax-no wpr-sticky-section-no e-con e-child\" data-id=\"14f5150f\" data-element_type=\"container\">\n\t\t\t\t<div class=\"elementor-element elementor-element-196ec405 elementor-widget elementor-widget-heading\" data-id=\"196ec405\" data-element_type=\"widget\" data-widget_type=\"heading.default\">\n\t\t\t\t\t<h2 class=\"elementor-heading-title elementor-size-default\">Finalista do Pr\u00eamio Est\u00e1cio de Jornalismo em Educa\u00e7\u00e3o\n<\/h2>\t\t\t\t<\/div>\n\t\t\t\t<div class=\"elementor-element elementor-element-5757bfe3 elementor-widget elementor-widget-text-editor\" data-id=\"5757bfe3\" data-element_type=\"widget\" data-widget_type=\"text-editor.default\">\n\t\t\t\t\t\t\t\t\t<p><span style=\"font-weight: 400;\">Uma reportagem especial sobre sa\u00fade mental de professores universit\u00e1rios, produzida pelo M\u00eddia Ci\u00eancia, foi finalista do Pr\u00eamio Est\u00e1cio de Jornalismo em Educa\u00e7\u00e3o no ano de 2017. Na ocasi\u00e3o, a produ\u00e7\u00e3o se destacou por ser a \u00fanica finalista que n\u00e3o integrava um grande ve\u00edculo de comunica\u00e7\u00e3o, concorrendo com reportagens de empresas como UOL e Globo, entre outras. A cerim\u00f4nia de premia\u00e7\u00e3o foi realizada no Museu do Amanh\u00e3, na cidade do Rio de Janeiro, marcando um importante reconhecimento ao jornalismo independente e \u00e0 relev\u00e2ncia do tema abordado.<\/span><\/p>\t\t\t\t\t\t\t\t<\/div>\n\t\t\t\t<\/div>\n\t\t\t\t<div class=\"elementor-element elementor-element-8b32f6e elementor-widget__width-initial elementor-widget-tablet__width-inherit elementor-widget elementor-widget-image\" data-id=\"8b32f6e\" data-element_type=\"widget\" data-widget_type=\"image.default\">\n\t\t\t\t\t\t\t\t\t\t\t\t\t\t\t<img fetchpriority=\"high\" decoding=\"async\" width=\"800\" height=\"389\" src=\"https:\/\/midiaciencia.com\/novo\/wp-content\/uploads\/2025\/11\/Screenshot_20181029-171931_WhatsApp-1024x498.jpg\" class=\"attachment-large size-large wp-image-357\" alt=\"\" srcset=\"https:\/\/midiaciencia.com\/novo\/wp-content\/uploads\/2025\/11\/Screenshot_20181029-171931_WhatsApp-1024x498.jpg 1024w, https:\/\/midiaciencia.com\/novo\/wp-content\/uploads\/2025\/11\/Screenshot_20181029-171931_WhatsApp-300x146.jpg 300w, https:\/\/midiaciencia.com\/novo\/wp-content\/uploads\/2025\/11\/Screenshot_20181029-171931_WhatsApp-768x374.jpg 768w, https:\/\/midiaciencia.com\/novo\/wp-content\/uploads\/2025\/11\/Screenshot_20181029-171931_WhatsApp-1536x747.jpg 1536w, https:\/\/midiaciencia.com\/novo\/wp-content\/uploads\/2025\/11\/Screenshot_20181029-171931_WhatsApp-2048x996.jpg 2048w\" sizes=\"(max-width: 800px) 100vw, 800px\" \/>\t\t\t\t\t\t\t\t\t\t\t\t\t\t\t<\/div>\n\t\t\t\t<\/div>\n\t\t\t\t<\/div>\n\t\t","protected":false},"excerpt":{"rendered":"<p>Finalista do Pr\u00eamio Est\u00e1cio de Jornalismo em Educa\u00e7\u00e3o Uma reportagem especial sobre sa\u00fade mental de professores universit\u00e1rios, produzida pelo M\u00eddia Ci\u00eancia, foi finalista do Pr\u00eamio Est\u00e1cio de Jornalismo em Educa\u00e7\u00e3o no ano de 2017. Na ocasi\u00e3o, a produ\u00e7\u00e3o se destacou por ser a \u00fanica finalista que n\u00e3o integrava um grande ve\u00edculo de comunica\u00e7\u00e3o, concorrendo com reportagens de empresas como UOL e Globo, entre outras. A cerim\u00f4nia de premia\u00e7\u00e3o foi realizada no Museu do Amanh\u00e3, na cidade do Rio de Janeiro, marcando um importante reconhecimento ao jornalismo independente e \u00e0 relev\u00e2ncia do tema abordado.<\/p>\n","protected":false},"author":1,"featured_media":0,"parent":0,"menu_order":0,"comment_status":"closed","ping_status":"closed","template":"","meta":{"_eb_attr":"","footnotes":""},"categories":[],"tags":[],"class_list":["post-356","page","type-page","status-publish","hentry"],"_links":{"self":[{"href":"https:\/\/midiaciencia.com\/novo\/wp-json\/wp\/v2\/pages\/356","targetHints":{"allow":["GET"]}}],"collection":[{"href":"https:\/\/midiaciencia.com\/novo\/wp-json\/wp\/v2\/pages"}],"about":[{"href":"https:\/\/midiaciencia.com\/novo\/wp-json\/wp\/v2\/types\/page"}],"author":[{"embeddable":true,"href":"https:\/\/midiaciencia.com\/novo\/wp-json\/wp\/v2\/users\/1"}],"replies":[{"embeddable":true,"href":"https:\/\/midiaciencia.com\/novo\/wp-json\/wp\/v2\/comments?post=356"}],"version-history":[{"count":3,"href":"https:\/\/midiaciencia.com\/novo\/wp-json\/wp\/v2\/pages\/356\/revisions"}],"predecessor-version":[{"id":360,"href":"https:\/\/midiaciencia.com\/novo\/wp-json\/wp\/v2\/pages\/356\/revisions\/360"}],"wp:attachment":[{"href":"https:\/\/midiaciencia.com\/novo\/wp-json\/wp\/v2\/media?parent=356"}],"wp:term":[{"taxonomy":"category","embeddable":true,"href":"https:\/\/midiaciencia.com\/novo\/wp-json\/wp\/v2\/categories?post=356"},{"taxonomy":"post_tag","embeddable":true,"href":"https:\/\/midiaciencia.com\/novo\/wp-json\/wp\/v2\/tags?post=356"}],"curies":[{"name":"wp","href":"https:\/\/api.w.org\/{rel}","templated":true}]}}