{"id":363,"date":"2025-11-06T07:02:30","date_gmt":"2025-11-06T10:02:30","guid":{"rendered":"https:\/\/midiaciencia.com\/novo\/?page_id=363"},"modified":"2025-11-06T07:44:41","modified_gmt":"2025-11-06T10:44:41","slug":"articulacao-com-o-programa-de-iniciacao-cientifica-junior-pictec","status":"publish","type":"page","link":"https:\/\/midiaciencia.com\/novo\/articulacao-com-o-programa-de-iniciacao-cientifica-junior-pictec\/","title":{"rendered":"Programa de Recep\u00e7\u00e3o de Alunos da UEMS"},"content":{"rendered":"\t\t<div data-elementor-type=\"wp-post\" data-elementor-id=\"363\" class=\"elementor elementor-363\" data-elementor-post-type=\"page\">\n\t\t\t\t<div class=\"elementor-element elementor-element-4929155d e-con-full e-flex wpr-particle-no wpr-jarallax-no wpr-parallax-no wpr-sticky-section-no e-con e-parent\" data-id=\"4929155d\" data-element_type=\"container\" data-settings=\"{&quot;background_background&quot;:&quot;classic&quot;}\">\n\t\t<div class=\"elementor-element elementor-element-14f5150f e-con-full e-flex wpr-particle-no wpr-jarallax-no wpr-parallax-no wpr-sticky-section-no e-con e-child\" data-id=\"14f5150f\" data-element_type=\"container\">\n\t\t\t\t<div class=\"elementor-element elementor-element-196ec405 elementor-widget elementor-widget-heading\" data-id=\"196ec405\" data-element_type=\"widget\" data-widget_type=\"heading.default\">\n\t\t\t\t\t<h2 class=\"elementor-heading-title elementor-size-default\">Programa de Recep\u00e7\u00e3o de Alunos da UEMS<\/h2>\t\t\t\t<\/div>\n\t\t\t\t<div class=\"elementor-element elementor-element-5757bfe3 elementor-widget elementor-widget-text-editor\" data-id=\"5757bfe3\" data-element_type=\"widget\" data-widget_type=\"text-editor.default\">\n\t\t\t\t\t\t\t\t\t<p><span style=\"font-weight: 400;\">Anualmente, o M\u00eddia Ci\u00eancia participa do Programa de Recep\u00e7\u00e3o de Calouros da Universidade Estadual de Mato Grosso do Sul (UEMS), contribuindo para o acolhimento dos novos estudantes. As a\u00e7\u00f5es incluem a apresenta\u00e7\u00e3o das diversas possibilidades universit\u00e1rias \u2014 como programas de pesquisa, extens\u00e3o, bolsas e projetos institucionais \u2014 e o fornecimento de informa\u00e7\u00f5es essenciais para uma boa viv\u00eancia acad\u00eamica.<\/span><\/p><p><span style=\"font-weight: 400;\">O objetivo \u00e9 tornar o ingresso na universidade uma experi\u00eancia inspiradora, refor\u00e7ando o sentimento de pertencimento e incentivando os alunos a aproveitarem plenamente as oportunidades que a UEMS oferece para sua forma\u00e7\u00e3o pessoal, cient\u00edfica e cidad\u00e3.<\/span><\/p>\t\t\t\t\t\t\t\t<\/div>\n\t\t\t\t<\/div>\n\t\t\t\t<div class=\"elementor-element elementor-element-8b32f6e elementor-widget__width-initial elementor-widget-tablet__width-inherit elementor-widget elementor-widget-image\" data-id=\"8b32f6e\" data-element_type=\"widget\" data-widget_type=\"image.default\">\n\t\t\t\t\t\t\t\t\t\t\t\t\t\t\t<img fetchpriority=\"high\" decoding=\"async\" width=\"800\" height=\"534\" src=\"https:\/\/midiaciencia.com\/novo\/wp-content\/uploads\/2025\/11\/4\u00b0-JART-UEMS-Abertura-2648-1024x684.jpeg\" class=\"attachment-large size-large wp-image-378\" alt=\"\" srcset=\"https:\/\/midiaciencia.com\/novo\/wp-content\/uploads\/2025\/11\/4\u00b0-JART-UEMS-Abertura-2648-1024x684.jpeg 1024w, https:\/\/midiaciencia.com\/novo\/wp-content\/uploads\/2025\/11\/4\u00b0-JART-UEMS-Abertura-2648-300x200.jpeg 300w, https:\/\/midiaciencia.com\/novo\/wp-content\/uploads\/2025\/11\/4\u00b0-JART-UEMS-Abertura-2648-768x513.jpeg 768w, https:\/\/midiaciencia.com\/novo\/wp-content\/uploads\/2025\/11\/4\u00b0-JART-UEMS-Abertura-2648.jpeg 1200w\" sizes=\"(max-width: 800px) 100vw, 800px\" \/>\t\t\t\t\t\t\t\t\t\t\t\t\t\t\t<\/div>\n\t\t\t\t<\/div>\n\t\t\t\t<\/div>\n\t\t","protected":false},"excerpt":{"rendered":"<p>Programa de Recep\u00e7\u00e3o de Alunos da UEMS Anualmente, o M\u00eddia Ci\u00eancia participa do Programa de Recep\u00e7\u00e3o de Calouros da Universidade Estadual de Mato Grosso do Sul (UEMS), contribuindo para o acolhimento dos novos estudantes. As a\u00e7\u00f5es incluem a apresenta\u00e7\u00e3o das diversas possibilidades universit\u00e1rias \u2014 como programas de pesquisa, extens\u00e3o, bolsas e projetos institucionais \u2014 e o fornecimento de informa\u00e7\u00f5es essenciais para uma boa viv\u00eancia acad\u00eamica. O objetivo \u00e9 tornar o ingresso na universidade uma experi\u00eancia inspiradora, refor\u00e7ando o sentimento de pertencimento e incentivando os alunos a aproveitarem plenamente as oportunidades que a UEMS oferece para sua forma\u00e7\u00e3o pessoal, cient\u00edfica e cidad\u00e3.<\/p>\n","protected":false},"author":1,"featured_media":0,"parent":0,"menu_order":0,"comment_status":"closed","ping_status":"closed","template":"","meta":{"_eb_attr":"","footnotes":""},"categories":[],"tags":[],"class_list":["post-363","page","type-page","status-publish","hentry"],"_links":{"self":[{"href":"https:\/\/midiaciencia.com\/novo\/wp-json\/wp\/v2\/pages\/363","targetHints":{"allow":["GET"]}}],"collection":[{"href":"https:\/\/midiaciencia.com\/novo\/wp-json\/wp\/v2\/pages"}],"about":[{"href":"https:\/\/midiaciencia.com\/novo\/wp-json\/wp\/v2\/types\/page"}],"author":[{"embeddable":true,"href":"https:\/\/midiaciencia.com\/novo\/wp-json\/wp\/v2\/users\/1"}],"replies":[{"embeddable":true,"href":"https:\/\/midiaciencia.com\/novo\/wp-json\/wp\/v2\/comments?post=363"}],"version-history":[{"count":8,"href":"https:\/\/midiaciencia.com\/novo\/wp-json\/wp\/v2\/pages\/363\/revisions"}],"predecessor-version":[{"id":381,"href":"https:\/\/midiaciencia.com\/novo\/wp-json\/wp\/v2\/pages\/363\/revisions\/381"}],"wp:attachment":[{"href":"https:\/\/midiaciencia.com\/novo\/wp-json\/wp\/v2\/media?parent=363"}],"wp:term":[{"taxonomy":"category","embeddable":true,"href":"https:\/\/midiaciencia.com\/novo\/wp-json\/wp\/v2\/categories?post=363"},{"taxonomy":"post_tag","embeddable":true,"href":"https:\/\/midiaciencia.com\/novo\/wp-json\/wp\/v2\/tags?post=363"}],"curies":[{"name":"wp","href":"https:\/\/api.w.org\/{rel}","templated":true}]}}