{"id":39,"date":"2025-10-07T17:23:05","date_gmt":"2025-10-07T20:23:05","guid":{"rendered":"https:\/\/midiaciencia.com\/novo\/?page_id=39"},"modified":"2025-10-07T18:22:05","modified_gmt":"2025-10-07T21:22:05","slug":"curso-comunica-cientista","status":"publish","type":"page","link":"https:\/\/midiaciencia.com\/novo\/curso-comunica-cientista\/","title":{"rendered":"Curso Comunica Cientista"},"content":{"rendered":"\t\t<div data-elementor-type=\"wp-post\" data-elementor-id=\"39\" class=\"elementor elementor-39\" data-elementor-post-type=\"page\">\n\t\t\t\t<div class=\"elementor-element elementor-element-5c724ac5 e-con-full e-flex wpr-particle-no wpr-jarallax-no wpr-parallax-no wpr-sticky-section-no e-con e-parent\" data-id=\"5c724ac5\" data-element_type=\"container\" data-settings=\"{&quot;background_background&quot;:&quot;classic&quot;}\">\n\t\t<div class=\"elementor-element elementor-element-604d6959 e-con-full e-flex wpr-particle-no wpr-jarallax-no wpr-parallax-no wpr-sticky-section-no e-con e-child\" data-id=\"604d6959\" data-element_type=\"container\">\n\t\t\t\t<div class=\"elementor-element elementor-element-667061ae elementor-widget__width-inherit elementor-widget-divider--view-line elementor-invisible elementor-widget elementor-widget-divider\" data-id=\"667061ae\" data-element_type=\"widget\" data-settings=\"{&quot;_animation&quot;:&quot;fadeInLeft&quot;}\" data-widget_type=\"divider.default\">\n\t\t\t\t\t\t\t<div class=\"elementor-divider\">\n\t\t\t<span class=\"elementor-divider-separator\">\n\t\t\t\t\t\t<\/span>\n\t\t<\/div>\n\t\t\t\t\t\t<\/div>\n\t\t\t\t<div class=\"elementor-element elementor-element-634ccbcb elementor-widget__width-initial elementor-widget-tablet__width-inherit elementor-widget elementor-widget-heading\" data-id=\"634ccbcb\" data-element_type=\"widget\" data-widget_type=\"heading.default\">\n\t\t\t\t\t<h2 class=\"elementor-heading-title elementor-size-default\">Comunica Cientista: formando vozes para a ci\u00eancia<\/h2>\t\t\t\t<\/div>\n\t\t\t\t<div class=\"elementor-element elementor-element-769f21bf elementor-widget__width-initial elementor-widget-tablet__width-inherit elementor-widget elementor-widget-text-editor\" data-id=\"769f21bf\" data-element_type=\"widget\" data-widget_type=\"text-editor.default\">\n\t\t\t\t\t\t\t\t\t<p class=\"p1\">O <span class=\"s1\"><b>Curso Comunica Cientista<\/b><\/span> foi criado para capacitar pesquisadores e educadores a comunicar suas ideias com mais clareza, impacto e alcance \u2014 fortalecendo a presen\u00e7a da ci\u00eancia na sociedade e nas redes.<\/p>\t\t\t\t\t\t\t\t<\/div>\n\t\t\t\t<\/div>\n\t\t\t\t<div class=\"elementor-element elementor-element-da7b5a0 elementor-widget__width-inherit elementor-invisible elementor-widget elementor-widget-image\" data-id=\"da7b5a0\" data-element_type=\"widget\" data-settings=\"{&quot;_animation&quot;:&quot;fadeInUp&quot;}\" data-widget_type=\"image.default\">\n\t\t\t\t\t\t\t\t\t\t\t\t\t\t\t<img fetchpriority=\"high\" decoding=\"async\" width=\"1920\" height=\"864\" src=\"https:\/\/midiaciencia.com\/novo\/wp-content\/uploads\/2025\/10\/topo.jpg\" class=\"attachment-full size-full wp-image-80\" alt=\"\" srcset=\"https:\/\/midiaciencia.com\/novo\/wp-content\/uploads\/2025\/10\/topo.jpg 1920w, https:\/\/midiaciencia.com\/novo\/wp-content\/uploads\/2025\/10\/topo-300x135.jpg 300w, https:\/\/midiaciencia.com\/novo\/wp-content\/uploads\/2025\/10\/topo-1024x461.jpg 1024w, https:\/\/midiaciencia.com\/novo\/wp-content\/uploads\/2025\/10\/topo-768x346.jpg 768w, https:\/\/midiaciencia.com\/novo\/wp-content\/uploads\/2025\/10\/topo-1536x691.jpg 1536w\" sizes=\"(max-width: 1920px) 100vw, 1920px\" \/>\t\t\t\t\t\t\t\t\t\t\t\t\t\t\t<\/div>\n\t\t\t\t<\/div>\n\t\t<div class=\"elementor-element elementor-element-2c6252a3 e-con-full e-flex wpr-particle-no wpr-jarallax-no wpr-parallax-no wpr-sticky-section-no e-con e-parent\" data-id=\"2c6252a3\" data-element_type=\"container\" data-settings=\"{&quot;background_background&quot;:&quot;classic&quot;}\">\n\t\t\t\t<div class=\"elementor-element elementor-element-35f00fd4 elementor-widget__width-initial elementor-widget elementor-widget-image\" data-id=\"35f00fd4\" data-element_type=\"widget\" data-widget_type=\"image.default\">\n\t\t\t\t\t\t\t\t\t\t\t\t\t\t\t<img decoding=\"async\" width=\"800\" height=\"742\" src=\"https:\/\/midiaciencia.com\/novo\/wp-content\/uploads\/2025\/10\/whatsapp-image-2023-06-29-at-20-43-34.jpg\" class=\"attachment-large size-large wp-image-81\" alt=\"\" srcset=\"https:\/\/midiaciencia.com\/novo\/wp-content\/uploads\/2025\/10\/whatsapp-image-2023-06-29-at-20-43-34.jpg 970w, https:\/\/midiaciencia.com\/novo\/wp-content\/uploads\/2025\/10\/whatsapp-image-2023-06-29-at-20-43-34-300x278.jpg 300w, https:\/\/midiaciencia.com\/novo\/wp-content\/uploads\/2025\/10\/whatsapp-image-2023-06-29-at-20-43-34-768x713.jpg 768w\" sizes=\"(max-width: 800px) 100vw, 800px\" \/>\t\t\t\t\t\t\t\t\t\t\t\t\t\t\t<\/div>\n\t\t<div class=\"elementor-element elementor-element-546e55c0 e-con-full e-flex wpr-particle-no wpr-jarallax-no wpr-parallax-no wpr-sticky-section-no e-con e-child\" data-id=\"546e55c0\" data-element_type=\"container\">\n\t\t\t\t<div class=\"elementor-element elementor-element-2cd3364b elementor-widget__width-inherit elementor-widget elementor-widget-heading\" data-id=\"2cd3364b\" data-element_type=\"widget\" data-widget_type=\"heading.default\">\n\t\t\t\t\t<p class=\"elementor-heading-title elementor-size-default\">Mais conte\u00fado, mais alcance<\/p>\t\t\t\t<\/div>\n\t\t\t\t<div class=\"elementor-element elementor-element-4c7e6f5d elementor-widget__width-inherit elementor-widget elementor-widget-heading\" data-id=\"4c7e6f5d\" data-element_type=\"widget\" data-widget_type=\"heading.default\">\n\t\t\t\t\t<h2 class=\"elementor-heading-title elementor-size-default\">O Comunica Cientista representa um passo importante no fortalecimento da comunica\u00e7\u00e3o cient\u00edfica no estado<\/h2>\t\t\t\t<\/div>\n\t\t\t\t<div class=\"elementor-element elementor-element-719b6cee elementor-widget__width-initial elementor-widget-mobile__width-inherit elementor-invisible elementor-widget elementor-widget-icon-box\" data-id=\"719b6cee\" data-element_type=\"widget\" data-settings=\"{&quot;_animation&quot;:&quot;fadeInUp&quot;}\" data-widget_type=\"icon-box.default\">\n\t\t\t\t\t\t\t<div class=\"elementor-icon-box-wrapper\">\n\n\t\t\t\n\t\t\t\t\t\t<div class=\"elementor-icon-box-content\">\n\n\t\t\t\t\t\t\t\t\t<h3 class=\"elementor-icon-box-title\">\n\t\t\t\t\t\t<span  >\n\t\t\t\t\t\t\tPr\u00e1tico e acess\u00edvel\t\t\t\t\t\t<\/span>\n\t\t\t\t\t<\/h3>\n\t\t\t\t\n\t\t\t\t\t\t\t\t\t<p class=\"elementor-icon-box-description\">\n\t\t\t\t\t\tTreinamento pr\u00e1tico e acess\u00edvel, com foco em estrat\u00e9gias de comunica\u00e7\u00e3o contempor\u00e2neas.\t\t\t\t\t<\/p>\n\t\t\t\t\n\t\t\t<\/div>\n\t\t\t\n\t\t<\/div>\n\t\t\t\t\t\t<\/div>\n\t\t\t\t<div class=\"elementor-element elementor-element-7c3cbd3 elementor-widget__width-initial elementor-widget-mobile__width-inherit elementor-invisible elementor-widget elementor-widget-icon-box\" data-id=\"7c3cbd3\" data-element_type=\"widget\" data-settings=\"{&quot;_animation&quot;:&quot;fadeInUp&quot;,&quot;_animation_delay&quot;:&quot;100&quot;}\" data-widget_type=\"icon-box.default\">\n\t\t\t\t\t\t\t<div class=\"elementor-icon-box-wrapper\">\n\n\t\t\t\n\t\t\t\t\t\t<div class=\"elementor-icon-box-content\">\n\n\t\t\t\t\t\t\t\t\t<h3 class=\"elementor-icon-box-title\">\n\t\t\t\t\t\t<span  >\n\t\t\t\t\t\t\tConte\u00fado de especialista\t\t\t\t\t\t<\/span>\n\t\t\t\t\t<\/h3>\n\t\t\t\t\n\t\t\t\t\t\t\t\t\t<p class=\"elementor-icon-box-description\">\n\t\t\t\t\t\tPalestrantes especialistas em Comunica\u00e7\u00e3o, Marketing, Artes C\u00eanicas e Produ\u00e7\u00e3o Audiovisual.\t\t\t\t\t<\/p>\n\t\t\t\t\n\t\t\t<\/div>\n\t\t\t\n\t\t<\/div>\n\t\t\t\t\t\t<\/div>\n\t\t\t\t<div class=\"elementor-element elementor-element-13248bc3 elementor-widget__width-initial elementor-widget-mobile__width-inherit elementor-invisible elementor-widget elementor-widget-icon-box\" data-id=\"13248bc3\" data-element_type=\"widget\" data-settings=\"{&quot;_animation&quot;:&quot;fadeInUp&quot;,&quot;_animation_delay&quot;:&quot;200&quot;}\" data-widget_type=\"icon-box.default\">\n\t\t\t\t\t\t\t<div class=\"elementor-icon-box-wrapper\">\n\n\t\t\t\n\t\t\t\t\t\t<div class=\"elementor-icon-box-content\">\n\n\t\t\t\t\t\t\t\t\t<h3 class=\"elementor-icon-box-title\">\n\t\t\t\t\t\t<span  >\n\t\t\t\t\t\t\tAtividades te\u00f3ricas\t\t\t\t\t\t<\/span>\n\t\t\t\t\t<\/h3>\n\t\t\t\t\n\t\t\t\t\t\t\t\t\t<p class=\"elementor-icon-box-description\">\n\t\t\t\t\t\tAtividades te\u00f3ricas e pr\u00e1ticas que estimulam criatividade, empatia e clareza na comunica\u00e7\u00e3o.\t\t\t\t\t<\/p>\n\t\t\t\t\n\t\t\t<\/div>\n\t\t\t\n\t\t<\/div>\n\t\t\t\t\t\t<\/div>\n\t\t\t\t<div class=\"elementor-element elementor-element-2812ab03 elementor-widget__width-initial elementor-widget-mobile__width-inherit elementor-invisible elementor-widget elementor-widget-icon-box\" data-id=\"2812ab03\" data-element_type=\"widget\" data-settings=\"{&quot;_animation&quot;:&quot;fadeInUp&quot;,&quot;_animation_delay&quot;:&quot;300&quot;}\" data-widget_type=\"icon-box.default\">\n\t\t\t\t\t\t\t<div class=\"elementor-icon-box-wrapper\">\n\n\t\t\t\n\t\t\t\t\t\t<div class=\"elementor-icon-box-content\">\n\n\t\t\t\t\t\t\t\t\t<h3 class=\"elementor-icon-box-title\">\n\t\t\t\t\t\t<span  >\n\t\t\t\t\t\t\tQuebrar Barreiras\t\t\t\t\t\t<\/span>\n\t\t\t\t\t<\/h3>\n\t\t\t\t\n\t\t\t\t\t\t\t\t\t<p class=\"elementor-icon-box-description\">\n\t\t\t\t\t\tO curso busca quebrar essa barreira, incentivando uma nova postura: a do cientista comunicador,\t\t\t\t\t<\/p>\n\t\t\t\t\n\t\t\t<\/div>\n\t\t\t\n\t\t<\/div>\n\t\t\t\t\t\t<\/div>\n\t\t\t\t<\/div>\n\t\t\t\t<\/div>\n\t\t<div class=\"elementor-element elementor-element-4929155d e-con-full e-flex wpr-particle-no wpr-jarallax-no wpr-parallax-no wpr-sticky-section-no e-con e-parent\" data-id=\"4929155d\" data-element_type=\"container\" data-settings=\"{&quot;background_background&quot;:&quot;classic&quot;}\">\n\t\t<div class=\"elementor-element elementor-element-14f5150f e-con-full e-flex wpr-particle-no wpr-jarallax-no wpr-parallax-no wpr-sticky-section-no e-con e-child\" data-id=\"14f5150f\" data-element_type=\"container\">\n\t\t\t\t<div class=\"elementor-element elementor-element-196ec405 elementor-widget elementor-widget-heading\" data-id=\"196ec405\" data-element_type=\"widget\" data-widget_type=\"heading.default\">\n\t\t\t\t\t<h2 class=\"elementor-heading-title elementor-size-default\">Inspirar novas gera\u00e7\u00f5es a valorizar o conhecimento e o pensamento cr\u00edtico.<\/h2>\t\t\t\t<\/div>\n\t\t\t\t<div class=\"elementor-element elementor-element-5757bfe3 elementor-widget elementor-widget-text-editor\" data-id=\"5757bfe3\" data-element_type=\"widget\" data-widget_type=\"text-editor.default\">\n\t\t\t\t\t\t\t\t\t<p>O <b>Curso Comunica Cientista<\/b> foi criado com o prop\u00f3sito de <b>capacitar pesquisadores e educadores em comunica\u00e7\u00e3o cient\u00edfica<\/b>, oferecendo uma forma\u00e7\u00e3o pr\u00e1tica e multidisciplinar voltada para o uso estrat\u00e9gico de ferramentas e linguagens contempor\u00e2neas, especialmente nas redes sociais.<\/p><p>A proposta parte da constata\u00e7\u00e3o de que muitos profissionais da ci\u00eancia <b>n\u00e3o receberam forma\u00e7\u00e3o para comunicar seus trabalhos ao p\u00fablico<\/b>, o que dificulta a aproxima\u00e7\u00e3o entre pesquisa e sociedade. Por isso, o curso busca <b>formar cientistas comunicadores<\/b>, aptos a atuar de maneira ativa na <b>divulga\u00e7\u00e3o de suas pesquisas<\/b> e na <b>promo\u00e7\u00e3o da cultura cient\u00edfica<\/b>.<\/p><p>O programa contou com <b>especialistas das \u00e1reas de Comunica\u00e7\u00e3o, Marketing, Artes C\u00eanicas e Produ\u00e7\u00e3o Audiovisual<\/b>, promovendo uma experi\u00eancia din\u00e2mica e colaborativa. Ao longo do curso, os participantes desenvolveram compet\u00eancias como <b>cria\u00e7\u00e3o de narrativas acess\u00edveis<\/b>, <b>uso estrat\u00e9gico das m\u00eddias digitais<\/b>, <b>orat\u00f3ria eficaz<\/b> e <b>produ\u00e7\u00e3o de conte\u00fados visuais e audiovisuais<\/b>.<\/p><p>\u00a0<\/p><p>Mais do que um treinamento t\u00e9cnico, o <b>Comunica Cientista<\/b> \u00e9 um movimento de <b>valoriza\u00e7\u00e3o da ci\u00eancia e de seus protagonistas<\/b>, estimulando o protagonismo dos pesquisadores na constru\u00e7\u00e3o de uma <b>sociedade mais informada, cr\u00edtica e conectada ao conhecimento cient\u00edfico<\/b>.<\/p>\t\t\t\t\t\t\t\t<\/div>\n\t\t\t\t<\/div>\n\t\t\t\t<div class=\"elementor-element elementor-element-8b32f6e elementor-widget__width-initial elementor-widget-tablet__width-inherit elementor-widget elementor-widget-image\" data-id=\"8b32f6e\" data-element_type=\"widget\" data-widget_type=\"image.default\">\n\t\t\t\t\t\t\t\t\t\t\t\t\t\t\t<img decoding=\"async\" width=\"800\" height=\"567\" src=\"https:\/\/midiaciencia.com\/novo\/wp-content\/uploads\/2025\/10\/whatsapp-image-2023-06-29-at-20-43-37-1.jpg\" class=\"attachment-large size-large wp-image-82\" alt=\"\" srcset=\"https:\/\/midiaciencia.com\/novo\/wp-content\/uploads\/2025\/10\/whatsapp-image-2023-06-29-at-20-43-37-1.jpg 1000w, https:\/\/midiaciencia.com\/novo\/wp-content\/uploads\/2025\/10\/whatsapp-image-2023-06-29-at-20-43-37-1-300x213.jpg 300w, https:\/\/midiaciencia.com\/novo\/wp-content\/uploads\/2025\/10\/whatsapp-image-2023-06-29-at-20-43-37-1-768x545.jpg 768w\" sizes=\"(max-width: 800px) 100vw, 800px\" \/>\t\t\t\t\t\t\t\t\t\t\t\t\t\t\t<\/div>\n\t\t\t\t<\/div>\n\t\t\t\t<\/div>\n\t\t","protected":false},"excerpt":{"rendered":"<p>Comunica Cientista: formando vozes para a ci\u00eancia O Curso Comunica Cientista foi criado para capacitar pesquisadores e educadores a comunicar suas ideias com mais clareza, impacto e alcance \u2014 fortalecendo a presen\u00e7a da ci\u00eancia na sociedade e nas redes. Mais conte\u00fado, mais alcance O Comunica Cientista representa um passo importante no fortalecimento da comunica\u00e7\u00e3o cient\u00edfica no estado Pr\u00e1tico e acess\u00edvel Treinamento pr\u00e1tico e acess\u00edvel, com foco em estrat\u00e9gias de comunica\u00e7\u00e3o contempor\u00e2neas. Conte\u00fado de especialista Palestrantes especialistas em Comunica\u00e7\u00e3o, Marketing, Artes C\u00eanicas e Produ\u00e7\u00e3o Audiovisual. Atividades te\u00f3ricas Atividades te\u00f3ricas e pr\u00e1ticas que estimulam criatividade, empatia e clareza na comunica\u00e7\u00e3o. Quebrar Barreiras O curso busca quebrar essa barreira, incentivando uma nova postura: a do cientista comunicador, Inspirar novas gera\u00e7\u00f5es a valorizar o conhecimento e o pensamento cr\u00edtico. O Curso Comunica Cientista foi criado com o prop\u00f3sito de capacitar pesquisadores e educadores em comunica\u00e7\u00e3o cient\u00edfica, oferecendo uma forma\u00e7\u00e3o pr\u00e1tica e multidisciplinar voltada para o uso estrat\u00e9gico de ferramentas e linguagens contempor\u00e2neas, especialmente nas redes sociais. A proposta parte da constata\u00e7\u00e3o de que muitos profissionais da ci\u00eancia n\u00e3o receberam forma\u00e7\u00e3o para comunicar seus trabalhos ao p\u00fablico, o que dificulta a aproxima\u00e7\u00e3o entre pesquisa e sociedade. Por isso, o curso busca formar cientistas comunicadores, aptos a atuar de maneira ativa na divulga\u00e7\u00e3o de suas pesquisas e na promo\u00e7\u00e3o da cultura cient\u00edfica. O programa contou com especialistas das \u00e1reas de Comunica\u00e7\u00e3o, Marketing, Artes C\u00eanicas e Produ\u00e7\u00e3o Audiovisual, promovendo uma experi\u00eancia din\u00e2mica e colaborativa. Ao longo do curso, os participantes desenvolveram compet\u00eancias como cria\u00e7\u00e3o de narrativas acess\u00edveis, uso estrat\u00e9gico das m\u00eddias digitais, orat\u00f3ria eficaz e produ\u00e7\u00e3o de conte\u00fados visuais e audiovisuais. \u00a0 Mais do que um treinamento t\u00e9cnico, o Comunica Cientista \u00e9 um movimento de valoriza\u00e7\u00e3o da ci\u00eancia e de seus protagonistas, estimulando o protagonismo dos pesquisadores na constru\u00e7\u00e3o de uma sociedade mais informada, cr\u00edtica e conectada ao conhecimento cient\u00edfico.<\/p>\n","protected":false},"author":1,"featured_media":0,"parent":0,"menu_order":0,"comment_status":"closed","ping_status":"closed","template":"","meta":{"_eb_attr":"","footnotes":""},"categories":[],"tags":[],"class_list":["post-39","page","type-page","status-publish","hentry"],"_links":{"self":[{"href":"https:\/\/midiaciencia.com\/novo\/wp-json\/wp\/v2\/pages\/39","targetHints":{"allow":["GET"]}}],"collection":[{"href":"https:\/\/midiaciencia.com\/novo\/wp-json\/wp\/v2\/pages"}],"about":[{"href":"https:\/\/midiaciencia.com\/novo\/wp-json\/wp\/v2\/types\/page"}],"author":[{"embeddable":true,"href":"https:\/\/midiaciencia.com\/novo\/wp-json\/wp\/v2\/users\/1"}],"replies":[{"embeddable":true,"href":"https:\/\/midiaciencia.com\/novo\/wp-json\/wp\/v2\/comments?post=39"}],"version-history":[{"count":7,"href":"https:\/\/midiaciencia.com\/novo\/wp-json\/wp\/v2\/pages\/39\/revisions"}],"predecessor-version":[{"id":85,"href":"https:\/\/midiaciencia.com\/novo\/wp-json\/wp\/v2\/pages\/39\/revisions\/85"}],"wp:attachment":[{"href":"https:\/\/midiaciencia.com\/novo\/wp-json\/wp\/v2\/media?parent=39"}],"wp:term":[{"taxonomy":"category","embeddable":true,"href":"https:\/\/midiaciencia.com\/novo\/wp-json\/wp\/v2\/categories?post=39"},{"taxonomy":"post_tag","embeddable":true,"href":"https:\/\/midiaciencia.com\/novo\/wp-json\/wp\/v2\/tags?post=39"}],"curies":[{"name":"wp","href":"https:\/\/api.w.org\/{rel}","templated":true}]}}