{"id":44,"date":"2025-10-07T17:27:11","date_gmt":"2025-10-07T20:27:11","guid":{"rendered":"https:\/\/midiaciencia.com\/novo\/?page_id=44"},"modified":"2025-11-05T13:59:32","modified_gmt":"2025-11-05T16:59:32","slug":"comunica-jornalista","status":"publish","type":"page","link":"https:\/\/midiaciencia.com\/novo\/comunica-jornalista\/","title":{"rendered":"Comunica Jornalista"},"content":{"rendered":"\t\t<div data-elementor-type=\"wp-post\" data-elementor-id=\"44\" class=\"elementor elementor-44\" data-elementor-post-type=\"page\">\n\t\t\t\t<div class=\"elementor-element elementor-element-5c724ac5 e-con-full e-flex wpr-particle-no wpr-jarallax-no wpr-parallax-no wpr-sticky-section-no e-con e-parent\" data-id=\"5c724ac5\" data-element_type=\"container\" data-settings=\"{&quot;background_background&quot;:&quot;classic&quot;}\">\n\t\t<div class=\"elementor-element elementor-element-604d6959 e-con-full e-flex wpr-particle-no wpr-jarallax-no wpr-parallax-no wpr-sticky-section-no e-con e-child\" data-id=\"604d6959\" data-element_type=\"container\">\n\t\t\t\t<div class=\"elementor-element elementor-element-667061ae elementor-widget__width-inherit elementor-widget-divider--view-line elementor-invisible elementor-widget elementor-widget-divider\" data-id=\"667061ae\" data-element_type=\"widget\" data-settings=\"{&quot;_animation&quot;:&quot;fadeInLeft&quot;}\" data-widget_type=\"divider.default\">\n\t\t\t\t\t\t\t<div class=\"elementor-divider\">\n\t\t\t<span class=\"elementor-divider-separator\">\n\t\t\t\t\t\t<\/span>\n\t\t<\/div>\n\t\t\t\t\t\t<\/div>\n\t\t\t\t<div class=\"elementor-element elementor-element-634ccbcb elementor-widget__width-initial elementor-widget-tablet__width-inherit elementor-widget elementor-widget-heading\" data-id=\"634ccbcb\" data-element_type=\"widget\" data-widget_type=\"heading.default\">\n\t\t\t\t\t<h2 class=\"elementor-heading-title elementor-size-default\">Comunica Jornalista: jornalismo e ci\u00eancia lado a lado<\/h2>\t\t\t\t<\/div>\n\t\t\t\t<div class=\"elementor-element elementor-element-769f21bf elementor-widget__width-initial elementor-widget-tablet__width-inherit elementor-widget elementor-widget-text-editor\" data-id=\"769f21bf\" data-element_type=\"widget\" data-widget_type=\"text-editor.default\">\n\t\t\t\t\t\t\t\t\t<p class=\"p1\">O <span class=\"s1\"><b>Curso Comunica Jornalista<\/b><\/span> reuniu comunicadores, educadores e pesquisadores para discutir e aprimorar a forma como a ci\u00eancia \u00e9 contada \u2014 unindo t\u00e9cnica, criticidade e criatividade na constru\u00e7\u00e3o de uma comunica\u00e7\u00e3o cient\u00edfica mais acess\u00edvel e respons\u00e1vel.<\/p>\t\t\t\t\t\t\t\t<\/div>\n\t\t\t\t<\/div>\n\t\t\t\t<div class=\"elementor-element elementor-element-da7b5a0 elementor-widget__width-inherit elementor-invisible elementor-widget elementor-widget-image\" data-id=\"da7b5a0\" data-element_type=\"widget\" data-settings=\"{&quot;_animation&quot;:&quot;fadeInUp&quot;}\" data-widget_type=\"image.default\">\n\t\t\t\t\t\t\t\t\t\t\t\t\t\t\t<img fetchpriority=\"high\" decoding=\"async\" width=\"1920\" height=\"1123\" src=\"https:\/\/midiaciencia.com\/novo\/wp-content\/uploads\/2025\/10\/slidin.jpg\" class=\"attachment-full size-full wp-image-161\" alt=\"\" srcset=\"https:\/\/midiaciencia.com\/novo\/wp-content\/uploads\/2025\/10\/slidin.jpg 1920w, https:\/\/midiaciencia.com\/novo\/wp-content\/uploads\/2025\/10\/slidin-300x175.jpg 300w, https:\/\/midiaciencia.com\/novo\/wp-content\/uploads\/2025\/10\/slidin-1024x599.jpg 1024w, https:\/\/midiaciencia.com\/novo\/wp-content\/uploads\/2025\/10\/slidin-768x449.jpg 768w, https:\/\/midiaciencia.com\/novo\/wp-content\/uploads\/2025\/10\/slidin-1536x898.jpg 1536w\" sizes=\"(max-width: 1920px) 100vw, 1920px\" \/>\t\t\t\t\t\t\t\t\t\t\t\t\t\t\t<\/div>\n\t\t\t\t<\/div>\n\t\t<div class=\"elementor-element elementor-element-4929155d e-con-full e-flex wpr-particle-no wpr-jarallax-no wpr-parallax-no wpr-sticky-section-no e-con e-parent\" data-id=\"4929155d\" data-element_type=\"container\" data-settings=\"{&quot;background_background&quot;:&quot;classic&quot;}\">\n\t\t<div class=\"elementor-element elementor-element-14f5150f e-con-full e-flex wpr-particle-no wpr-jarallax-no wpr-parallax-no wpr-sticky-section-no e-con e-child\" data-id=\"14f5150f\" data-element_type=\"container\">\n\t\t\t\t<div class=\"elementor-element elementor-element-196ec405 elementor-widget elementor-widget-heading\" data-id=\"196ec405\" data-element_type=\"widget\" data-widget_type=\"heading.default\">\n\t\t\t\t\t<h2 class=\"elementor-heading-title elementor-size-default\">Um evento de forma\u00e7\u00e3o e pr\u00e1tica<\/h2>\t\t\t\t<\/div>\n\t\t\t\t<div class=\"elementor-element elementor-element-5757bfe3 elementor-widget elementor-widget-text-editor\" data-id=\"5757bfe3\" data-element_type=\"widget\" data-widget_type=\"text-editor.default\">\n\t\t\t\t\t\t\t\t\t<p class=\"p1\"><span class=\"s1\">O <\/span><b>Curso Comunica Jornalista<\/b><span class=\"s1\"> foi realizado em <\/span><b>14 de agosto<\/b><span class=\"s1\">, no <\/span><b>Anfiteatro da UEMS<\/b><span class=\"s1\">, em Campo Grande, com o objetivo de <\/span><b>qualificar a comunica\u00e7\u00e3o cient\u00edfica<\/b><span class=\"s1\"> e promover uma <\/span><b>aproxima\u00e7\u00e3o entre a ci\u00eancia, o jornalismo e a sociedade<\/b><span class=\"s1\">.<\/span><\/p>\n<p class=\"p3\">A atividade foi dividida em dois momentos principais: uma <span class=\"s2\"><b>oficina pr\u00e1tica de produ\u00e7\u00e3o de v\u00eddeos curtos<\/b><\/span>, abordando t\u00e9cnicas de filmagem, edi\u00e7\u00e3o e uso de ferramentas acess\u00edveis; e uma <span class=\"s2\"><b>palestra sobre criticidade na divulga\u00e7\u00e3o cient\u00edfica<\/b><\/span>, que refor\u00e7ou a import\u00e2ncia de uma cobertura jornal\u00edstica respons\u00e1vel, com rigor e olhar anal\u00edtico.<\/p>\n<p class=\"p1\"><span class=\"s1\">Voltado a <\/span><b>pesquisadores, educadores e comunicadores<\/b><span class=\"s1\">, o curso foi ministrado por <\/span><b>especialistas em Comunica\u00e7\u00e3o, Marketing, Artes C\u00eanicas e Produ\u00e7\u00e3o Audiovisual<\/b><span class=\"s1\">, oferecendo uma introdu\u00e7\u00e3o pr\u00e1tica a <\/span><b>estrat\u00e9gias de comunica\u00e7\u00e3o digital<\/b><span class=\"s1\"> e \u00e0 <\/span><b>cria\u00e7\u00e3o de conte\u00fados audiovisuais<\/b><span class=\"s1\"> voltados \u00e0 divulga\u00e7\u00e3o cient\u00edfica.<\/span><\/p>\n<p class=\"p3\">Com o apoio de institui\u00e7\u00f5es como o <span class=\"s2\"><b>Sindjor-MS<\/b><\/span> e a <span class=\"s2\"><b>UFMS<\/b><\/span>, o projeto se destacou por promover o di\u00e1logo entre profissionais da comunica\u00e7\u00e3o e da ci\u00eancia, incentivando pr\u00e1ticas que <span class=\"s2\"><b>tornam o conhecimento mais acess\u00edvel<\/b><\/span>, <span class=\"s2\"><b>ampliam o alcance da informa\u00e7\u00e3o<\/b><\/span> e <span class=\"s2\"><b>refor\u00e7am o papel cr\u00edtico do jornalismo cient\u00edfico<\/b><\/span> na sociedade.<\/p>\t\t\t\t\t\t\t\t<\/div>\n\t\t\t\t<\/div>\n\t\t\t\t<div class=\"elementor-element elementor-element-8b32f6e elementor-widget__width-initial elementor-widget-tablet__width-inherit elementor-widget elementor-widget-image\" data-id=\"8b32f6e\" data-element_type=\"widget\" data-widget_type=\"image.default\">\n\t\t\t\t\t\t\t\t\t\t\t\t\t\t\t<img decoding=\"async\" width=\"800\" height=\"567\" src=\"https:\/\/midiaciencia.com\/novo\/wp-content\/uploads\/2025\/10\/whatsapp-image-2023-06-29-at-20-43-37-1.jpg\" class=\"attachment-large size-large wp-image-82\" alt=\"\" srcset=\"https:\/\/midiaciencia.com\/novo\/wp-content\/uploads\/2025\/10\/whatsapp-image-2023-06-29-at-20-43-37-1.jpg 1000w, https:\/\/midiaciencia.com\/novo\/wp-content\/uploads\/2025\/10\/whatsapp-image-2023-06-29-at-20-43-37-1-300x213.jpg 300w, https:\/\/midiaciencia.com\/novo\/wp-content\/uploads\/2025\/10\/whatsapp-image-2023-06-29-at-20-43-37-1-768x545.jpg 768w\" sizes=\"(max-width: 800px) 100vw, 800px\" \/>\t\t\t\t\t\t\t\t\t\t\t\t\t\t\t<\/div>\n\t\t\t\t<\/div>\n\t\t\t\t<\/div>\n\t\t","protected":false},"excerpt":{"rendered":"<p>Comunica Jornalista: jornalismo e ci\u00eancia lado a lado O Curso Comunica Jornalista reuniu comunicadores, educadores e pesquisadores para discutir e aprimorar a forma como a ci\u00eancia \u00e9 contada \u2014 unindo t\u00e9cnica, criticidade e criatividade na constru\u00e7\u00e3o de uma comunica\u00e7\u00e3o cient\u00edfica mais acess\u00edvel e respons\u00e1vel. Um evento de forma\u00e7\u00e3o e pr\u00e1tica O Curso Comunica Jornalista foi realizado em 14 de agosto, no Anfiteatro da UEMS, em Campo Grande, com o objetivo de qualificar a comunica\u00e7\u00e3o cient\u00edfica e promover uma aproxima\u00e7\u00e3o entre a ci\u00eancia, o jornalismo e a sociedade. A atividade foi dividida em dois momentos principais: uma oficina pr\u00e1tica de produ\u00e7\u00e3o de v\u00eddeos curtos, abordando t\u00e9cnicas de filmagem, edi\u00e7\u00e3o e uso de ferramentas acess\u00edveis; e uma palestra sobre criticidade na divulga\u00e7\u00e3o cient\u00edfica, que refor\u00e7ou a import\u00e2ncia de uma cobertura jornal\u00edstica respons\u00e1vel, com rigor e olhar anal\u00edtico. Voltado a pesquisadores, educadores e comunicadores, o curso foi ministrado por especialistas em Comunica\u00e7\u00e3o, Marketing, Artes C\u00eanicas e Produ\u00e7\u00e3o Audiovisual, oferecendo uma introdu\u00e7\u00e3o pr\u00e1tica a estrat\u00e9gias de comunica\u00e7\u00e3o digital e \u00e0 cria\u00e7\u00e3o de conte\u00fados audiovisuais voltados \u00e0 divulga\u00e7\u00e3o cient\u00edfica. Com o apoio de institui\u00e7\u00f5es como o Sindjor-MS e a UFMS, o projeto se destacou por promover o di\u00e1logo entre profissionais da comunica\u00e7\u00e3o e da ci\u00eancia, incentivando pr\u00e1ticas que tornam o conhecimento mais acess\u00edvel, ampliam o alcance da informa\u00e7\u00e3o e refor\u00e7am o papel cr\u00edtico do jornalismo cient\u00edfico na sociedade.<\/p>\n","protected":false},"author":1,"featured_media":0,"parent":0,"menu_order":0,"comment_status":"closed","ping_status":"closed","template":"","meta":{"_eb_attr":"","footnotes":""},"categories":[],"tags":[],"class_list":["post-44","page","type-page","status-publish","hentry"],"_links":{"self":[{"href":"https:\/\/midiaciencia.com\/novo\/wp-json\/wp\/v2\/pages\/44","targetHints":{"allow":["GET"]}}],"collection":[{"href":"https:\/\/midiaciencia.com\/novo\/wp-json\/wp\/v2\/pages"}],"about":[{"href":"https:\/\/midiaciencia.com\/novo\/wp-json\/wp\/v2\/types\/page"}],"author":[{"embeddable":true,"href":"https:\/\/midiaciencia.com\/novo\/wp-json\/wp\/v2\/users\/1"}],"replies":[{"embeddable":true,"href":"https:\/\/midiaciencia.com\/novo\/wp-json\/wp\/v2\/comments?post=44"}],"version-history":[{"count":7,"href":"https:\/\/midiaciencia.com\/novo\/wp-json\/wp\/v2\/pages\/44\/revisions"}],"predecessor-version":[{"id":339,"href":"https:\/\/midiaciencia.com\/novo\/wp-json\/wp\/v2\/pages\/44\/revisions\/339"}],"wp:attachment":[{"href":"https:\/\/midiaciencia.com\/novo\/wp-json\/wp\/v2\/media?parent=44"}],"wp:term":[{"taxonomy":"category","embeddable":true,"href":"https:\/\/midiaciencia.com\/novo\/wp-json\/wp\/v2\/categories?post=44"},{"taxonomy":"post_tag","embeddable":true,"href":"https:\/\/midiaciencia.com\/novo\/wp-json\/wp\/v2\/tags?post=44"}],"curies":[{"name":"wp","href":"https:\/\/api.w.org\/{rel}","templated":true}]}}