{"id":49,"date":"2025-10-07T17:28:35","date_gmt":"2025-10-07T20:28:35","guid":{"rendered":"https:\/\/midiaciencia.com\/novo\/?page_id=49"},"modified":"2025-11-05T14:03:29","modified_gmt":"2025-11-05T17:03:29","slug":"disciplina-jornalismo","status":"publish","type":"page","link":"https:\/\/midiaciencia.com\/novo\/disciplina-jornalismo\/","title":{"rendered":"Disciplina Jornalismo"},"content":{"rendered":"\t\t<div data-elementor-type=\"wp-post\" data-elementor-id=\"49\" class=\"elementor elementor-49\" data-elementor-post-type=\"page\">\n\t\t\t\t<div class=\"elementor-element elementor-element-5c724ac5 e-con-full e-flex wpr-particle-no wpr-jarallax-no wpr-parallax-no wpr-sticky-section-no e-con e-parent\" data-id=\"5c724ac5\" data-element_type=\"container\" data-settings=\"{&quot;background_background&quot;:&quot;classic&quot;}\">\n\t\t<div class=\"elementor-element elementor-element-604d6959 e-con-full e-flex wpr-particle-no wpr-jarallax-no wpr-parallax-no wpr-sticky-section-no e-con e-child\" data-id=\"604d6959\" data-element_type=\"container\">\n\t\t\t\t<div class=\"elementor-element elementor-element-667061ae elementor-widget__width-inherit elementor-widget-divider--view-line elementor-invisible elementor-widget elementor-widget-divider\" data-id=\"667061ae\" data-element_type=\"widget\" data-settings=\"{&quot;_animation&quot;:&quot;fadeInLeft&quot;}\" data-widget_type=\"divider.default\">\n\t\t\t\t\t\t\t<div class=\"elementor-divider\">\n\t\t\t<span class=\"elementor-divider-separator\">\n\t\t\t\t\t\t<\/span>\n\t\t<\/div>\n\t\t\t\t\t\t<\/div>\n\t\t\t\t<div class=\"elementor-element elementor-element-634ccbcb elementor-widget__width-initial elementor-widget-tablet__width-inherit elementor-widget elementor-widget-heading\" data-id=\"634ccbcb\" data-element_type=\"widget\" data-widget_type=\"heading.default\">\n\t\t\t\t\t<h2 class=\"elementor-heading-title elementor-size-default\">Disciplina Jornalismo Cient\u00edfico \u2013 UFMS<\/h2>\t\t\t\t<\/div>\n\t\t\t\t<div class=\"elementor-element elementor-element-769f21bf elementor-widget__width-initial elementor-widget-tablet__width-inherit elementor-widget elementor-widget-text-editor\" data-id=\"769f21bf\" data-element_type=\"widget\" data-widget_type=\"text-editor.default\">\n\t\t\t\t\t\t\t\t\t<p class=\"p1\">Como parte do projeto <span class=\"s1\"><b>MS +Ci\u00eancia<\/b><\/span>, o coordenador ministrou, de forma volunt\u00e1ria, a disciplina <span class=\"s1\"><b>Jornalismo Cient\u00edfico<\/b><\/span> no curso de Jornalismo da UFMS \u2014 uma optativa que n\u00e3o era oferecida h\u00e1 anos por falta de docentes especializados.\u00a0<\/p><hr \/>\t\t\t\t\t\t\t\t<\/div>\n\t\t\t\t<\/div>\n\t\t\t\t<\/div>\n\t\t<div class=\"elementor-element elementor-element-4929155d e-con-full e-flex wpr-particle-no wpr-jarallax-no wpr-parallax-no wpr-sticky-section-no e-con e-parent\" data-id=\"4929155d\" data-element_type=\"container\" data-settings=\"{&quot;background_background&quot;:&quot;classic&quot;}\">\n\t\t<div class=\"elementor-element elementor-element-14f5150f e-con-full e-flex wpr-particle-no wpr-jarallax-no wpr-parallax-no wpr-sticky-section-no e-con e-child\" data-id=\"14f5150f\" data-element_type=\"container\">\n\t\t\t\t<div class=\"elementor-element elementor-element-196ec405 elementor-widget elementor-widget-heading\" data-id=\"196ec405\" data-element_type=\"widget\" data-widget_type=\"heading.default\">\n\t\t\t\t\t<h2 class=\"elementor-heading-title elementor-size-default\">Conte\u00fado direto e acess\u00edvel<\/h2>\t\t\t\t<\/div>\n\t\t\t\t<div class=\"elementor-element elementor-element-5757bfe3 elementor-widget elementor-widget-text-editor\" data-id=\"5757bfe3\" data-element_type=\"widget\" data-widget_type=\"text-editor.default\">\n\t\t\t\t\t\t\t\t\t<p>No contexto do projeto <b>MS +Ci\u00eancia<\/b>, o coordenador assumiu voluntariamente a doc\u00eancia da disciplina <b>Jornalismo Cient\u00edfico<\/b> no curso de Jornalismo da Universidade Federal de Mato Grosso do Sul (UFMS), que h\u00e1 anos n\u00e3o era ofertada por aus\u00eancia de professores com experi\u00eancia na \u00e1rea.<\/p><p><span style=\"letter-spacing: 0px; word-spacing: 0em;\">A iniciativa teve como principal objetivo <\/span><span style=\"letter-spacing: 0px; word-spacing: 0em;\"><b>fortalecer a forma\u00e7\u00e3o acad\u00eamica dos estudantes<\/b><\/span><span style=\"letter-spacing: 0px; word-spacing: 0em;\">, oferecendo uma compreens\u00e3o aprofundada sobre o papel da comunica\u00e7\u00e3o cient\u00edfica na sociedade contempor\u00e2nea. Por meio de uma abordagem te\u00f3rica e pr\u00e1tica, a disciplina explorou <\/span><span style=\"letter-spacing: 0px; word-spacing: 0em;\"><b>conceitos de divulga\u00e7\u00e3o cient\u00edfica, \u00e9tica jornal\u00edstica, an\u00e1lise cr\u00edtica de fontes e estrat\u00e9gias narrativas<\/b><\/span><span style=\"letter-spacing: 0px; word-spacing: 0em;\"> para traduzir o conhecimento t\u00e9cnico em linguagem acess\u00edvel ao p\u00fablico.<\/span><\/p><p><span style=\"letter-spacing: 0px; word-spacing: 0em;\">Ao longo do curso, o coordenador integrou <\/span><b style=\"letter-spacing: 0px; word-spacing: 0em;\">sua viv\u00eancia profissional e acad\u00eamica<\/b><span style=\"letter-spacing: 0px; word-spacing: 0em;\"> em comunica\u00e7\u00e3o p\u00fablica da ci\u00eancia, incentivando os futuros jornalistas a reconhecerem seu papel como mediadores entre a comunidade cient\u00edfica e a popula\u00e7\u00e3o. O resultado foi uma experi\u00eancia de aprendizado significativa, que contribuiu para <\/span><b style=\"letter-spacing: 0px; word-spacing: 0em;\">formar comunicadores mais preparados, cr\u00edticos e comprometidos com a democratiza\u00e7\u00e3o do conhecimento cient\u00edfico<\/b><span style=\"letter-spacing: 0px; word-spacing: 0em;\"> em Mato Grosso do Sul.<\/span><\/p>\t\t\t\t\t\t\t\t<\/div>\n\t\t\t\t<\/div>\n\t\t\t\t<div class=\"elementor-element elementor-element-8b32f6e elementor-widget__width-initial elementor-widget-tablet__width-inherit elementor-widget elementor-widget-image\" data-id=\"8b32f6e\" data-element_type=\"widget\" data-widget_type=\"image.default\">\n\t\t\t\t\t\t\t\t\t\t\t\t\t\t\t<img fetchpriority=\"high\" decoding=\"async\" width=\"682\" height=\"1024\" src=\"https:\/\/midiaciencia.com\/novo\/wp-content\/uploads\/2025\/10\/PHOTO-2025-09-18-20-30-53-682x1024.jpg\" class=\"attachment-large size-large wp-image-268\" alt=\"\" srcset=\"https:\/\/midiaciencia.com\/novo\/wp-content\/uploads\/2025\/10\/PHOTO-2025-09-18-20-30-53-682x1024.jpg 682w, https:\/\/midiaciencia.com\/novo\/wp-content\/uploads\/2025\/10\/PHOTO-2025-09-18-20-30-53-200x300.jpg 200w, https:\/\/midiaciencia.com\/novo\/wp-content\/uploads\/2025\/10\/PHOTO-2025-09-18-20-30-53-768x1152.jpg 768w, https:\/\/midiaciencia.com\/novo\/wp-content\/uploads\/2025\/10\/PHOTO-2025-09-18-20-30-53.jpg 853w\" sizes=\"(max-width: 682px) 100vw, 682px\" \/>\t\t\t\t\t\t\t\t\t\t\t\t\t\t\t<\/div>\n\t\t\t\t<\/div>\n\t\t\t\t<\/div>\n\t\t","protected":false},"excerpt":{"rendered":"<p>Disciplina Jornalismo Cient\u00edfico \u2013 UFMS Como parte do projeto MS +Ci\u00eancia, o coordenador ministrou, de forma volunt\u00e1ria, a disciplina Jornalismo Cient\u00edfico no curso de Jornalismo da UFMS \u2014 uma optativa que n\u00e3o era oferecida h\u00e1 anos por falta de docentes especializados.\u00a0 Conte\u00fado direto e acess\u00edvel No contexto do projeto MS +Ci\u00eancia, o coordenador assumiu voluntariamente a doc\u00eancia da disciplina Jornalismo Cient\u00edfico no curso de Jornalismo da Universidade Federal de Mato Grosso do Sul (UFMS), que h\u00e1 anos n\u00e3o era ofertada por aus\u00eancia de professores com experi\u00eancia na \u00e1rea. A iniciativa teve como principal objetivo fortalecer a forma\u00e7\u00e3o acad\u00eamica dos estudantes, oferecendo uma compreens\u00e3o aprofundada sobre o papel da comunica\u00e7\u00e3o cient\u00edfica na sociedade contempor\u00e2nea. Por meio de uma abordagem te\u00f3rica e pr\u00e1tica, a disciplina explorou conceitos de divulga\u00e7\u00e3o cient\u00edfica, \u00e9tica jornal\u00edstica, an\u00e1lise cr\u00edtica de fontes e estrat\u00e9gias narrativas para traduzir o conhecimento t\u00e9cnico em linguagem acess\u00edvel ao p\u00fablico. Ao longo do curso, o coordenador integrou sua viv\u00eancia profissional e acad\u00eamica em comunica\u00e7\u00e3o p\u00fablica da ci\u00eancia, incentivando os futuros jornalistas a reconhecerem seu papel como mediadores entre a comunidade cient\u00edfica e a popula\u00e7\u00e3o. O resultado foi uma experi\u00eancia de aprendizado significativa, que contribuiu para formar comunicadores mais preparados, cr\u00edticos e comprometidos com a democratiza\u00e7\u00e3o do conhecimento cient\u00edfico em Mato Grosso do Sul.<\/p>\n","protected":false},"author":1,"featured_media":0,"parent":0,"menu_order":0,"comment_status":"closed","ping_status":"closed","template":"","meta":{"_eb_attr":"","footnotes":""},"categories":[],"tags":[],"class_list":["post-49","page","type-page","status-publish","hentry"],"_links":{"self":[{"href":"https:\/\/midiaciencia.com\/novo\/wp-json\/wp\/v2\/pages\/49","targetHints":{"allow":["GET"]}}],"collection":[{"href":"https:\/\/midiaciencia.com\/novo\/wp-json\/wp\/v2\/pages"}],"about":[{"href":"https:\/\/midiaciencia.com\/novo\/wp-json\/wp\/v2\/types\/page"}],"author":[{"embeddable":true,"href":"https:\/\/midiaciencia.com\/novo\/wp-json\/wp\/v2\/users\/1"}],"replies":[{"embeddable":true,"href":"https:\/\/midiaciencia.com\/novo\/wp-json\/wp\/v2\/comments?post=49"}],"version-history":[{"count":7,"href":"https:\/\/midiaciencia.com\/novo\/wp-json\/wp\/v2\/pages\/49\/revisions"}],"predecessor-version":[{"id":342,"href":"https:\/\/midiaciencia.com\/novo\/wp-json\/wp\/v2\/pages\/49\/revisions\/342"}],"wp:attachment":[{"href":"https:\/\/midiaciencia.com\/novo\/wp-json\/wp\/v2\/media?parent=49"}],"wp:term":[{"taxonomy":"category","embeddable":true,"href":"https:\/\/midiaciencia.com\/novo\/wp-json\/wp\/v2\/categories?post=49"},{"taxonomy":"post_tag","embeddable":true,"href":"https:\/\/midiaciencia.com\/novo\/wp-json\/wp\/v2\/tags?post=49"}],"curies":[{"name":"wp","href":"https:\/\/api.w.org\/{rel}","templated":true}]}}

<div data-elementor-type="wp-post" data-elementor-id="49" class="elementor elementor-49" data-elementor-post-type="page">
				<div class="elementor-element elementor-element-5c724ac5 e-con-full e-flex wpr-particle-no wpr-jarallax-no wpr-parallax-no wpr-sticky-section-no e-con e-parent" data-id="5c724ac5" data-element_type="container" data-settings="{&quot;background_background&quot;:&quot;classic&quot;}">
		<div class="elementor-element elementor-element-604d6959 e-con-full e-flex wpr-particle-no wpr-jarallax-no wpr-parallax-no wpr-sticky-section-no e-con e-child" data-id="604d6959" data-element_type="container">
				<div class="elementor-element elementor-element-667061ae elementor-widget__width-inherit elementor-widget-divider--view-line elementor-invisible elementor-widget elementor-widget-divider" data-id="667061ae" data-element_type="widget" data-settings="{&quot;_animation&quot;:&quot;fadeInLeft&quot;}" data-widget_type="divider.default">
							<div class="elementor-divider">
			<span class="elementor-divider-separator">
						</span>
		</div>
						</div>
				<div class="elementor-element elementor-element-634ccbcb elementor-widget__width-initial elementor-widget-tablet__width-inherit elementor-widget elementor-widget-heading" data-id="634ccbcb" data-element_type="widget" data-widget_type="heading.default">
					<h2 class="elementor-heading-title elementor-size-default">Disciplina Jornalismo Científico – UFMS</h2>				</div>
				<div class="elementor-element elementor-element-769f21bf elementor-widget__width-initial elementor-widget-tablet__width-inherit elementor-widget elementor-widget-text-editor" data-id="769f21bf" data-element_type="widget" data-widget_type="text-editor.default">
									<p class="p1">Como parte do projeto <span class="s1"><b>MS +Ciência</b></span>, o coordenador ministrou, de forma voluntária, a disciplina <span class="s1"><b>Jornalismo Científico</b></span> no curso de Jornalismo da UFMS — uma optativa que não era oferecida há anos por falta de docentes especializados. </p><hr />								</div>
				</div>
				</div>
		<div class="elementor-element elementor-element-4929155d e-con-full e-flex wpr-particle-no wpr-jarallax-no wpr-parallax-no wpr-sticky-section-no e-con e-parent" data-id="4929155d" data-element_type="container" data-settings="{&quot;background_background&quot;:&quot;classic&quot;}">
		<div class="elementor-element elementor-element-14f5150f e-con-full e-flex wpr-particle-no wpr-jarallax-no wpr-parallax-no wpr-sticky-section-no e-con e-child" data-id="14f5150f" data-element_type="container">
				<div class="elementor-element elementor-element-196ec405 elementor-widget elementor-widget-heading" data-id="196ec405" data-element_type="widget" data-widget_type="heading.default">
					<h2 class="elementor-heading-title elementor-size-default">Conteúdo direto e acessível</h2>				</div>
				<div class="elementor-element elementor-element-5757bfe3 elementor-widget elementor-widget-text-editor" data-id="5757bfe3" data-element_type="widget" data-widget_type="text-editor.default">
									<p>No contexto do projeto <b>MS +Ciência</b>, o coordenador assumiu voluntariamente a docência da disciplina <b>Jornalismo Científico</b> no curso de Jornalismo da Universidade Federal de Mato Grosso do Sul (UFMS), que há anos não era ofertada por ausência de professores com experiência na área.</p><p><span style="letter-spacing: 0px; word-spacing: 0em;">A iniciativa teve como principal objetivo </span><span style="letter-spacing: 0px; word-spacing: 0em;"><b>fortalecer a formação acadêmica dos estudantes</b></span><span style="letter-spacing: 0px; word-spacing: 0em;">, oferecendo uma compreensão aprofundada sobre o papel da comunicação científica na sociedade contemporânea. Por meio de uma abordagem teórica e prática, a disciplina explorou </span><span style="letter-spacing: 0px; word-spacing: 0em;"><b>conceitos de divulgação científica, ética jornalística, análise crítica de fontes e estratégias narrativas</b></span><span style="letter-spacing: 0px; word-spacing: 0em;"> para traduzir o conhecimento técnico em linguagem acessível ao público.</span></p><p><span style="letter-spacing: 0px; word-spacing: 0em;">Ao longo do curso, o coordenador integrou </span><b style="letter-spacing: 0px; word-spacing: 0em;">sua vivência profissional e acadêmica</b><span style="letter-spacing: 0px; word-spacing: 0em;"> em comunicação pública da ciência, incentivando os futuros jornalistas a reconhecerem seu papel como mediadores entre a comunidade científica e a população. O resultado foi uma experiência de aprendizado significativa, que contribuiu para </span><b style="letter-spacing: 0px; word-spacing: 0em;">formar comunicadores mais preparados, críticos e comprometidos com a democratização do conhecimento científico</b><span style="letter-spacing: 0px; word-spacing: 0em;"> em Mato Grosso do Sul.</span></p>								</div>
				</div>
				<div class="elementor-element elementor-element-8b32f6e elementor-widget__width-initial elementor-widget-tablet__width-inherit elementor-widget elementor-widget-image" data-id="8b32f6e" data-element_type="widget" data-widget_type="image.default">
															<img fetchpriority="high" decoding="async" width="682" height="1024" src="https://midiaciencia.com/novo/wp-content/uploads/2025/10/PHOTO-2025-09-18-20-30-53-682x1024.jpg" class="attachment-large size-large wp-image-268" alt="" srcset="https://midiaciencia.com/novo/wp-content/uploads/2025/10/PHOTO-2025-09-18-20-30-53-682x1024.jpg 682w, https://midiaciencia.com/novo/wp-content/uploads/2025/10/PHOTO-2025-09-18-20-30-53-200x300.jpg 200w, https://midiaciencia.com/novo/wp-content/uploads/2025/10/PHOTO-2025-09-18-20-30-53-768x1152.jpg 768w, https://midiaciencia.com/novo/wp-content/uploads/2025/10/PHOTO-2025-09-18-20-30-53.jpg 853w" sizes="(max-width: 682px) 100vw, 682px" />															</div>
				</div>
				</div>

<p>Disciplina Jornalismo Científico – UFMS Como parte do projeto MS +Ciência, o coordenador ministrou, de forma voluntária, a disciplina Jornalismo Científico no curso de Jornalismo da UFMS — uma optativa que não era oferecida há anos por falta de docentes especializados.  Conteúdo direto e acessível No contexto do projeto MS +Ciência, o coordenador assumiu voluntariamente a docência da disciplina Jornalismo Científico no curso de Jornalismo da Universidade Federal de Mato Grosso do Sul (UFMS), que há anos não era ofertada por ausência de professores com experiência na área. A iniciativa teve como principal objetivo fortalecer a formação acadêmica dos estudantes, oferecendo uma compreensão aprofundada sobre o papel da comunicação científica na sociedade contemporânea. Por meio de uma abordagem teórica e prática, a disciplina explorou conceitos de divulgação científica, ética jornalística, análise crítica de fontes e estratégias narrativas para traduzir o conhecimento técnico em linguagem acessível ao público. Ao longo do curso, o coordenador integrou sua vivência profissional e acadêmica em comunicação pública da ciência, incentivando os futuros jornalistas a reconhecerem seu papel como mediadores entre a comunidade científica e a população. O resultado foi uma experiência de aprendizado significativa, que contribuiu para formar comunicadores mais preparados, críticos e comprometidos com a democratização do conhecimento científico em Mato Grosso do Sul.</p>
